is the tens digit of (-5 - m/6) + 2/(-6)?
6
Let z = -601 + 900. What is the units digit of -1 + ((-6)/((-6)/z) - 0)?
8
Let p(g) = 2*g**2 - 2*g. Let i be p(1). Suppose -26*f - 1136 + 7220 = i. What is the tens digit of f?
3
Let o(v) = -3*v**2 - 2*v + 35. Let y be o(-4). What is the hundreds digit of ((-212)/y)/((-1)/(-5))?
2
Let b(s) = -s**3 + 10*s**2 - 12*s + 19. Let n be b(9). Let p = -8 - n. Suppose p*c - 160 = -2*c. What is the tens digit of c?
8
Let w(s) be the first derivative of -s**4/4 - s**3 + 1543*s - 107. What is the tens digit of w(0)?
4
Suppose -543*h = -547*h - 3*i + 58580, h = -5*i + 14611. What is the ten thousands digit of h?
1
Suppose 2118*j - 2088*j - 129540 = 0. What is the units digit of j?
8
Let d(n) = -555*n - 52. Let m be d(-4). What is the hundreds digit of m*-4*(-1)/8?
0
Let i(z) = z**3 - 8*z**2 + 20*z - 14. Let x be i(4). What is the thousands digit of (9 - 9) + (-1581)/(x + -3)?
1
Let n(d) be the first derivative of 11*d**7/120 - d**5/40 + d**4/12 + 14*d**3/3 - 15. Let x(f) be the third derivative of n(f). What is the tens digit of x(1)?
7
Suppose -5*m - 5*p - 2275 = 0, -4*p = 20*m - 21*m - 450. What is the hundreds digit of (21*(-5)/30)/(1/m)?
5
Let z(c) = -c**2 - 10*c - 10. Let d(n) = 4*n - 2. Let l be d(1). Suppose l*p - 40 = 4*x - p, 4*x = p - 32. What is the units digit of z(x)?
1
Suppose -5*f + 575 = 5*x, -10*f + 450 = -6*f + 2*x. Suppose 3*a - 148 - 117 = w, -4*w + f = a. What is the tens digit of a?
9
Let d(m) = m**3 + 26*m**2 + 17*m - 15. Let j be d(-24). Let a = j - 100. What is the tens digit of a?
2
Let w be 6 + -6 + -178*(2 - 3). Suppose 2*v + 6*c - c = w, 4*v - 3*c = 382. Suppose 0*t = -t - 5*p + v, -5*t + p = -392. What is the units digit of t?
9
Let p(n) = -4*n**2 - 5*n - 10. Let z be p(7). Let f = z + 730. What is the tens digit of f?
8
Let z(r) be the third derivative of 31*r**5/30 + 5*r**3/6 - 3*r**2 + 8. What is the tens digit of z(2)?
5
Let y(o) be the first derivative of 11*o**2/2 - 21*o + 25. Let x be y(-6). Let b = x - -154. What is the units digit of b?
7
Let a be ((-15)/20)/((-2)/8). Let y be (-2)/2 + -24 + 2. What is the tens digit of -3 + a/3 - y?
2
Suppose -12*a = -2 + 86. Suppose -4*z = -3*h + 215, -4*z - 37 + 167 = 2*h. Let n = a + h. What is the tens digit of n?
6
Suppose -8 = w + 7. Let r(b) = -56*b - 144. Let f be r(-28). What is the hundreds digit of f/10 + (-9)/w?
1
Let q(y) = -180*y - 6. What is the thousands digit of q(-28)?
5
Let k(y) be the first derivative of y**4/4 + y**3/3 + y**2 - 5*y + 577. Let l = 3 + 1. What is the units digit of k(l)?
3
Suppose y = 6*y - 585. Let a(t) = t**3 - 10*t**2 + 15*t - 33. Let w be a(7). Let h = w + y. What is the units digit of h?
2
Suppose -6*z = -27238 - 34298. Suppose 18742 = 18*k - z. What is the tens digit of k?
1
Let t be ((1 - -2) + 2)/(3/27). Let w = -42 + t. Suppose -2*c - 73 = -3*c - 4*r, -w*r + 15 = 0. What is the tens digit of c?
5
Suppose 18 - 6 = -4*y, -w + 4*y + 5460 = 0. What is the hundreds digit of w?
4
Suppose -4*f - 5*p + 122804 = 0, 206*p - 153547 = -5*f + 205*p. What is the tens digit of f?
1
Suppose 4 = -5*x + 4*f, x + 2 = -5*f - 22. What is the hundreds digit of ((-6)/x)/3 - (-117078)/156?
7
Let o be (4 - 8586/(-15)) + (-16)/40. Let z = o + 304. What is the hundreds digit of z?
8
Suppose -2*n - f - 5 = 0, -4*n - 25 = -9*n + 5*f. Suppose -22*j + 1553 + 1703 = n. What is the tens digit of j?
4
Suppose -4*u - 8 + 4 = 0. Let m be (1 - (1 - -3))*u. Suppose -3*v = d - 208, -m*v - 4*d = -v - 152. What is the units digit of v?
8
Let r(m) = -m**2 + 16*m + 22. Let d be r(17). Suppose -36 = h - d*h. Suppose -2*a + h*s - 6*s = -104, 0 = 2*a + 4*s - 76. What is the units digit of a?
6
Let w = 24851 + 16012. What is the units digit of w?
3
What is the units digit of 8 + 2196/(-270) + (-82894)/(-30)?
3
Suppose -5*r - 471 + 2688 = 3*j, -2205 = -3*j - r. Let c = j - 385. What is the units digit of c?
9
Let m(z) = 24543*z + 4056. What is the tens digit of m(3)?
8
Let a(p) = p**2 + 11*p + 3. Let f be a(-5). Let g = f - -31. Suppose 0 = -3*q + 2*n + 14, 3*q - 2*n = -g*n + 10. What is the units digit of q?
4
Let r(b) = -89*b - 1. Suppose 2*y = y + 5. Suppose 0 = -2*m + 3 - y. What is the tens digit of r(m)?
8
Let i(f) = -f**3 + 76*f**2 + 119*f - 1695. What is the thousands digit of i(73)?
2
Suppose 3*u - 12 = -3. Suppose 6*x - u*x = 600. Let w = x - 80. What is the tens digit of w?
2
Let j = 438 - 621. Let a = j + 354. What is the hundreds digit of a?
1
Let k = 26 - 23. Suppose 0 = a - 2*z - k - 343, -3*z - 3 = 0. What is the units digit of a?
4
Suppose -x + 5*z = 13, -5*z = x - 2*z + 45. Let i = 1031 - x. What is the hundreds digit of i?
0
Let l be 2 - (-1 - (-4 - -4)/(-5)). Suppose 0 = -l*o + 568 - 229. What is the units digit of o?
3
Let c(r) = 744*r - 633. What is the tens digit of c(7)?
7
Suppose 28*m - 122868 = 15*m + 7*m. What is the tens digit of m?
7
What is the units digit of 60345/3 - (8 + -21)?
8
Let c(g) = 31*g + 143*g - 10 - 47*g. What is the units digit of c(2)?
4
Let v(q) = 17126*q**3 + 3*q**2 + 3*q - 9. What is the tens digit of v(1)?
2
Suppose -18*z + 1413 = -1557. Suppose 3207 = 6*i + z. What is the hundreds digit of i?
5
Let z = -5219 + 33588. What is the thousands digit of z?
8
Let o(m) be the first derivative of -m**4/4 + 19*m**3/3 + 37*m**2/2 + 35*m + 214. What is the units digit of o(17)?
2
Let h be ((0 - -12)/2)/1 - 22. Let k(z) = -44*z + 126. What is the units digit of k(h)?
0
What is the units digit of ((-12)/(-42))/((-20)/(-1964788)) - 2/5?
8
Let f(o) = 575*o**2 - 3*o + 1. Let i be f(-1). Suppose 3*s - y - i - 167 = 0, 5*y = s - 258. What is the hundreds digit of s?
2
Let a be 10 + (-3)/(35/(-10) + 4). Let n(j) = 60*j + 63. What is the hundreds digit of n(a)?
3
Suppose 4*o + 5*d - 279 = 3*o, -3*o + 4*d = -761. Let s = 793 - o. What is the units digit of s?
4
What is the ten thousands digit of (79 + -122)/(2/(-1980)) + 7*1?
4
Let l = -976 + 9259. What is the tens digit of l?
8
Suppose 12*s - 20*s + 32272 = 0. What is the units digit of s?
4
Let s(b) be the third derivative of 0 - 19/6*b**3 + 0*b + 19/24*b**4 - 19*b**2. What is the units digit of s(5)?
6
Let k(b) = -b**3 - 5*b**2 - 4*b + 4. Let q be k(-4). Let s(a) = -2*a**2 + 25. Let m be s(q). Let h(o) = -16*o - 44. What is the units digit of h(m)?
8
Suppose -6*o - 1421 = 3*k - o, 0 = -2*o + 4. Let c = k + 879. What is the tens digit of c?
0
Suppose 7*k = -0 + 14. Suppose -k*a + 256 = -0*a. What is the hundreds digit of (-5 + 6)*4 + (a - 0)?
1
Let i(b) be the third derivative of 0*b**5 - 1/24*b**4 + 0*b - 3/2*b**3 + 0 + 1/60*b**6 + 10*b**2. What is the units digit of i(4)?
5
Suppose -4*d - 2 = 3*k + 2*k, 0 = -2*d + 3*k + 10. Let j be 1*68 - (d - (-3)/3). Let m = -37 + j. What is the units digit of m?
8
What is the hundreds digit of 9362*(11 - 6) - 1/4*-4?
8
Let w(u) = -180*u + 2374. What is the tens digit of w(6)?
9
Suppose -5*m - 2*f - 163 = 0, -5*f = m + 2*m + 94. Let i(k) = 2*k**2 + 34*k - 236. What is the units digit of i(m)?
0
Suppose -112 = -2*x - 2*x. Let j = 6 + 32. Let q = x + j. What is the tens digit of q?
6
Let x = -9376 - -18596. What is the units digit of x?
0
Let p be 9 + (-3 + 12)*(-9)/(-27). What is the hundreds digit of (-1*31)/(p/(1260/(-7)))?
4
Suppose -k + 20 = 2*k - 2*r, 16 = k - 3*r. Suppose k*s + o + 0*o = 116, -5*s = 4*o - 145. Suppose -32*d = -s*d - 306. What is the units digit of d?
2
Let i = -433 + 464. Suppose -i*y = -35*y + 1756. What is the units digit of y?
9
Let q = -5179 - -7977. What is the tens digit of q?
9
Let k(s) be the first derivative of s**3/3 + 2*s**2 - 6. Let w be k(-5). Suppose 3*c - 4*m = 49, 7*c - w*m - 80 = 2*c. What is the units digit of c?
5
Suppose 4*c = 0, 0 = -2*r + 2*c + 5906 + 10640. What is the hundreds digit of r?
2
What is the tens digit of 103/((-2678)/(-52))*(43231/2 + 0)?
3
Let h = 12 - 3. Let k(p) = -8*p + 11*p + 13*p + 1605 - 1602. What is the tens digit of k(h)?
4
Let v = 15 - 15. Suppose -4*s - 188 = -v*s. Let n = -7 - s. What is the tens digit of n?
4
Suppose 0 = -56*o + 1025406 + 321674. What is the thousands digit of o?
4
Suppose 0 = 3*g + 7*g - 20. Suppose -6 = 4*i + g. What is the tens digit of i/(-6) + (-1484)/(-12)?
2
Let s(a) = -33*a**3 + a**2 - 6*a - 4. What is the tens digit of s(-4)?